composite number?
True
Is 1039799881 a composite number?
False
Is 134770068479 composite?
True
Is 10167578117 a prime number?
True
Is 15149274289 a composite number?
True
Is 510442409 a composite number?
True
Is 87929245543 a composite number?
False
Is 80409434009 a prime number?
False
Is 456281885 prime?
False
Is 608064221 a prime number?
True
Is 37079746887 prime?
False
Is 2012051627 a prime number?
True
Is 841145267 a prime number?
False
Is 3726464429 prime?
True
Is 540336103 prime?
True
Is 365529743 a composite number?
False
Is 68510947577 prime?
False
Is 12136460953 composite?
False
Is 2444092687 prime?
False
Is 52277549 a composite number?
True
Is 4794482297 a composite number?
True
Is 48883993409 a prime number?
True
Is 1543181771 a composite number?
False
Is 125525551 a prime number?
False
Is 126260459 a prime number?
False
Is 21452340265 a prime number?
False
Is 6268476407 a composite number?
False
Is 14029358209 a prime number?
True
Is 6089307083 a prime number?
True
Is 519006563 prime?
True
Is 17721293899 composite?
False
Is 47264168851 a composite number?
True
Is 144426343 composite?
True
Is 44879198977 a composite number?
True
Is 11988319801 a composite number?
True
Is 97421194513 prime?
False
Is 12585779153 a prime number?
True
Is 12950856253 a prime number?
True
Is 1004267483 prime?
True
Is 1208008651 a prime number?
False
Is 111222844255 a composite number?
True
Is 7505053987 prime?
False
Is 44773523 composite?
True
Is 6595511759 a composite number?
False
Is 7162280777 a prime number?
False
Is 17298946703 composite?
False
Is 1263974689 prime?
True
Is 43641453767 composite?
True
Is 105616329887 a composite number?
True
Is 1505230541 prime?
False
Is 75263049599 composite?
False
Is 8778014873 a composite number?
False
Is 2914019597 composite?
True
Is 535276519 prime?
False
Is 228745859 a prime number?
True
Is 1654840837 prime?
False
Is 111304540337 composite?
True
Is 101865277 a prime number?
True
Is 70885766227 a composite number?
False
Is 2752280147 a composite number?
True
Is 35568202237 prime?
False
Is 1071741157 composite?
True
Is 1949718731 a prime number?
False
Is 3225062167 a composite number?
False
Is 4456512391 a prime number?
True
Is 252388693 a prime number?
True
Is 14508743933 a prime number?
True
Is 13815414799 a prime number?
False
Is 187648061 a prime number?
True
Is 17913718157 composite?
True
Is 11327040383 a composite number?
True
Is 2011104209 composite?
True
Is 4427737283 composite?
True
Is 73817611421 a prime number?
True
Is 2085393187 a prime number?
False
Is 3127319557 a prime number?
True
Is 5514689239 a prime number?
True
Is 1751670197 composite?
True
Is 263630931 composite?
True
Is 294740549 prime?
True
Is 202382118293 prime?
True
Is 14873208229 a prime number?
False
Is 10901971009 a composite number?
False
Is 461140495 composite?
True
Is 389193863 a composite number?
True
Is 35032632865 prime?
False
Is 4334251 composite?
True
Is 558508681 a composite number?
False
Is 234270329 a prime number?
False
Is 99674858089 composite?
False
Is 31723219051 a prime number?
False
Is 8049727393 a composite number?
True
Is 78158599229 composite?
False
Is 193335899 composite?
False
Is 1548322603 composite?
False
Is 26833360529 a prime number?
False
Is 15536349103 a prime number?
False
Is 15894948131 composite?
True
Is 3232235101 a prime number?
True
Is 178751047 prime?
False
Is 3049405978 a prime number?
False
Is 1271444789 composite?
True
Is 1573937009 a composite number?
False
Is 385255331 prime?
True
Is 1850456203 composite?
True
Is 167234524459 prime?
True
Is 97294187 composite?
False
Is 498521029 prime?
False
Is 67411933 a composite number?
False
Is 394826621 a prime number?
False
Is 7419323861 composite?
False
Is 11354510451 composite?
True
Is 2468400949 prime?
False
Is 8429509999 prime?
False
Is 55418172419 a composite number?
True
Is 286544113 a composite number?
True
Is 3951342413 composite?
True
Is 650521369 a prime number?
True
Is 9142637731 a prime number?
True
Is 47617354789 a composite number?
False
Is 31188798023 prime?
True
Is 1452482167 a composite number?
False
Is 260418479 a prime number?
True
Is 248579129 composite?
True
Is 524891413 prime?
True
Is 122503889 a prime number?
True
Is 1585428049 a composite number?
True
Is 1461859 a composite number?
True
Is 307332587 prime?
True
Is 55531423371 a prime number?
False
Is 19778600773 composite?
True
Is 26016945655 a prime number?
False
Is 551436713 composite?
True
Is 45562179779 a composite number?
False
Is 1442939735 composite?
True
Is 114957806251 a prime number?
False
Is 102390459629 prime?
True
Is 2077743797 composite?
True
Is 30936696751 composite?
False
Is 42017263 prime?
False
Is 7491479973 a prime number?
False
Is 16019547211 a composite number?
True
Is 30891769619 prime?
True
Is 65303990591 prime?
False
Is 2538128057 prime?
True
Is 704738183 a prime number?
True
Is 164475821713 a prime number?
False
Is 76613664971 prime?
True
Is 1966312861 prime?
True
Is 1517751667 prime?
True
Is 10956335737 a prime number?
True
Is 105518329549 a prime number?
True
Is 14126229881 composite?
True
Is 821596649 a composite number?
False
Is 171370049 prime?
False
Is 393216031 a prime number?
False
Is 67811497003 a prime number?
False
Is 9611901179 a composite number?
True
Is 79309745243 a composite number?
False
Is 116181540361 a composite number?
False
Is 24606315451 a prime number?
True
Is 6927572266 prime?
False
Is 11179728619 a composite number?
False
Is 30166141361 composite?
False
Is 4961283589 composite?
False
Is 110688267893 prime?
False
Is 806017117 prime?
False
Is 3000471861 composite?
True
Is 29769605273 a prime number?
False
Is 13364080777 prime?
True
Is 298321037 a prime number?
False
Is 52382211289 a prime number?
True
Is 24399614653 prime?
False
Is 5966535613 prime?
True
Is 17362064789 composite?
True
Is 9523484281 composite?
True
Is 2389828457 a composite number?
False
Is 10498669067 prime?
True
Is 500611037 a prime number?
True
Is 3412759429 prime?
True
Is 12959012041 composite?
True
Is 9791463533 prime?
True
Is 4740138257 a composite number?
False
Is 442956593 a prime number?
False
Is 123880519319 prime?
False
Is 74960407579 prime?
False
Is 19366678651 prime?
False
Is 228055991 a prime number?
True
Is 188707535647 a composite number?
False
Is 40445763793 a composite number?
False
Is 993939607 a composite number?
True
Is 9916143821 prime?
True
Is 484654067 a composite number?
False
Is 1150020253 prime?
False
Is 609640729 a prime number?
True
Is 11715918607 prime?
True
Is 467911867 a prime number?
False
Is 2569748173 composite?
True
Is 2775738169 composite?
True
Is 922419989 composite?
False
Is 37071389 composite?
False
Is 52718453551 a prime number?
False
Is 5125910585 a prime number?
False
Is 2116346741 composite?
False
Is 701119849 prime?
False
Is 3410844263 a prime number?
True
Is 263197762 prime?
False
Is 6291075091 a prime number?
False
Is 192684100601 prime?
True
Is 11151534539 composite?
False
Is 80982152497 a composite number?
False
Is 775770407 a prime number?
False
Is 224415762677 composite?
False
Is 1658938937 prime?
True
Is 5592886771 composite?
True
Is 4963516651 composite?
True
Is 3151394651 a prime number?
True
Is 1004067923 a composite number?
True
Is 185570655415 prime?
False
Is 358519221903 a prime number?
False
Is 1282342459 prime?
True
Is 1620990431 a composite number?
False
Is 1805733179 a prime number?
True
Is 97997087 a prime number?
True
Is 2546600827 a prime number?
True
Is 447980873 composite?
True
Is 641130929 prime?
True
Is 1507361231 a composite number?
False
Is 1115071063 prime?
True
Is 247924003 composite?
False
Is 57143502931 prime?
True
Is 243158261 prime?
False
Is 408169639 composite?
False
Is 9638349421 a composite number?
False
Is 55036589 prime?
False
Is 61502702749 a prime number?
True
Is 53889970187 prime?
False
Is 309262693 a prime number?
True
Is 89858655805 a prime number?
False
Is 246495288661 composite?
False
Is 1631398039 prime?
True
Is 2109741763 composite?
True
Is 245278863299 composite?
True
Is 3428737333 composite?
True
Is 36574859 a prime number?
True
Is 579369949 a prime number?
True
Is 33400749953 composite?
False
Is 386255503 composite?
True
Is 861483937 a prime number?
False
Is 6266964961 prim